2
What is the units digit of 2817?
7
What is the units digit of 773?
3
What is the tens digit of 208?
0
What is the hundreds digit of 901?
9
What is the thousands digit of 15762?
5
What is the hundreds digit of 942?
9
What is the units digit of 1779?
9
What is the thousands digit of 2481?
2
What is the ten thousands digit of 125881?
2
What is the thousands digit of 28805?
8
What is the hundreds digit of 9402?
4
What is the tens digit of 2944?
4
What is the units digit of 4736?
6
What is the tens digit of 805?
0
What is the hundreds digit of 104550?
5
What is the units digit of 99797?
7
What is the tens digit of 1530?
3
What is the units digit of 111?
1
What is the tens digit of 878?
7
What is the hundreds digit of 481?
4
What is the tens digit of 669?
6
What is the hundreds digit of 55836?
8
What is the hundreds digit of 55527?
5
What is the hundreds digit of 262?
2
What is the ten thousands digit of 119847?
1
What is the units digit of 97566?
6
What is the hundreds digit of 1623?
6
What is the units digit of 12962?
2
What is the hundreds digit of 239?
2
What is the tens digit of 3746?
4
What is the thousands digit of 35213?
5
What is the hundreds digit of 454?
4
What is the hundreds digit of 11207?
2
What is the hundreds digit of 5015?
0
What is the tens digit of 1897?
9
What is the tens digit of 77403?
0
What is the thousands digit of 4377?
4
What is the hundreds digit of 2955?
9
What is the tens digit of 186984?
8
What is the hundreds digit of 1771?
7
What is the tens digit of 11351?
5
What is the tens digit of 12724?
2
What is the hundreds digit of 1177?
1
What is the ten thousands digit of 73201?
7
What is the hundreds digit of 151?
1
What is the units digit of 2079?
9
What is the units digit of 78893?
3
What is the units digit of 3113?
3
What is the units digit of 1218?
8
What is the units digit of 7469?
9
What is the tens digit of 2706?
0
What is the tens digit of 1084?
8
What is the thousands digit of 1967?
1
What is the units digit of 3146?
6
What is the units digit of 6765?
5
What is the hundreds digit of 1332?
3
What is the tens digit of 14680?
8
What is the thousands digit of 1565?
1
What is the hundreds digit of 1483?
4
What is the thousands digit of 5044?
5
What is the hundreds digit of 9182?
1
What is the thousands digit of 18605?
8
What is the tens digit of 5870?
7
What is the units digit of 236?
6
What is the hundreds digit of 6169?
1
What is the thousands digit of 2056?
2
What is the hundreds digit of 3797?
7
What is the units digit of 91512?
2
What is the units digit of 1845?
5
What is the tens digit of 54624?
2
What is the thousands digit of 1635?
1
What is the ten thousands digit of 89794?
8
What is the hundreds digit of 146?
1
What is the units digit of 7956?
6
What is the units digit of 2013?
3
What is the units digit of 21124?
4
What is the tens digit of 128123?
2
What is the units digit of 12229?
9
What is the units digit of 111?
1
What is the ten thousands digit of 11929?
1
What is the units digit of 705?
5
What is the thousands digit of 1332?
1
What is the ten thousands digit of 20658?
2
What is the hundreds digit of 16892?
8
What is the units digit of 1958?
8
What is the tens digit of 7070?
7
What is the tens digit of 23810?
1
What is the tens digit of 11515?
1
What is the hundreds digit of 19537?
5
What is the hundreds digit of 39254?
2
What is the hundreds digit of 102228?
2
What is the tens digit of 80301?
0
What is the tens digit of 1655?
5
What is the units digit of 4803?
3
What is the thousands digit of 1079?
1
What is the hundreds digit of 9608?
6
What is the units digit of 1796?
6
What is the thousands digit of 8431?
8
What is the hundreds digit of 270?
2
What is the hundreds digit of 1997?
9
What is the ten thousands digit of 91961?
9
What is the units digit of 2092?
2
What is the hundreds digit of 8432?
4
What is the tens digit of 8607?
0
What is the thousands digit of 15454?
5
What is the thousands digit of 8332?
8
What is the hundreds digit of 9773?
7
What is the hundreds digit of 106?
1
What is the thousands digit of 3473?
3
What is the units digit of 2726?
6
What is the hundreds digit of 5327?
3
What is the units digit of 34353?
3
What is the tens digit of 1129?
2
What is the units digit of 10036?
6
What is the tens digit of 3666?
6
What is the units digit of 1487?
7
What is the tens digit of 61588?
8
What is the tens digit of 1361?
6
What is the hundreds digit of 1118?
1
What is the hundreds digit of 11411?
4
What is the tens digit of 10629?
2
What is the tens digit of 36817?
1
What is the hundreds digit of 4250?
2
What is the ten thousands digit of 34673?
3
What is the ten thousands digit of 62294?
6
What is the thousands digit of 70970?
0
What is the tens digit of 640?
4
What is the tens digit of 5600?
0
What is the thousands digit of 13187?
3
What is the tens digit of 6407?
0
What is the tens digit of 2012?
1
What is the hundreds digit of 3586?
5
What is the units digit of 5513?
3
What is the tens digit of 2606?
0
What is the thousands digit of 26612?
6
What is the units digit of 2240?
0
What is the units digit of 1388?
8
What is the tens digit of 1356?
5
What is the thousands digit of 6119?
6
What is the hundreds digit of 57478?
4
What is the tens digit of 703?
0
What is the hundreds digit of 15258?
2
What is the tens digit of 4392?
9
What is the hundreds digit of 4546?
5
What is the units digit of 293?
3
What is the thousands digit of 5018?
5
What is the units digit of 4951?
1
What is the tens digit of 98037?
3
What is the tens digit of 5654?
5
What is the hundreds digit of 49873?
8
What is the hundreds digit of 1007?
0
What is the thousands digit of 8920?
8
What is the hundreds digit of 29802?
8
What is the tens digit of 164642?
4
What is the units digit of 1450?
0
What is the thousands digit of 1502?
1
What is the tens digit of 6118?
1
What is the units digit of 4549?
9
What is the units digit of 2151?
1
What is the units digit of 5187?
7
What is the hundreds digit of 2722?
7
What is the thousands digit of 48870?
8
What is the hundreds digit of 1421?
4
What is the hundreds digit of 1639?
6
What is the tens digit of 125610?
1
What is the hundreds digit of 20676?
6
What is the tens digit of 115?
1
What is the ten thousands digit of 14601?
1
What is the tens digit of 520?
2
What is the thousands digit of 1746?
1
What is the units digit of 7131?
1
What is the thousands digit of 7715?
7
What is the ten thousands digit of 57896?
5
What is the thousands digit of 2078?
2
What is the thousands digit of 1276?
1
What is the tens digit of 800?
0
What is the units digit of 597?
7
What is the tens digit of 755?
5
What is the hundreds digit of 35747?
7
What is the hundreds digit of 85981?
9
What is the hundreds digit of 233?
2
What is the ten thousands digit of 26097?
2
What is the hundreds digit of 11394?
3
What is the tens digit of 8804?
0
What is the tens digit of 9487?
8
What is the thousands digit of 12888?
2
What is the thousands digit of 2105?
2
What is the hundreds digit of 1285?
2
What is the thousands digit of 19247?
9
What is the tens digit of 239?
3
What is the thousands digit of 4677?
4
What is the units digit of 309?
9
What is the tens digit of 17602?
0
What is the tens digit of 3771?
7
What is the units digit of 17006?
6
What is the tens digit of 12359?
5
What is the thousands digit of 2246?
2
What is the ten thousands digit of 201726?
0
What is the tens digit of 4156?
5
What is the hundreds digit of 44909?
9
What is the thousands digit of 1508?
1
What is the units digit of 3086?
6
What is the tens digit of 937?
3
What is the hundreds digit of 641?
6
What is the hundreds digit of 533?
5
What is the hundreds digit of 54754?
7
What is the thousands digit of 4420?
4
What is the tens digit of 559?
5
What is the tens digit of 18014?
1
What is the tens digit of 47134?
3
What is the thousands digit of 22641?
2
What is the thousands digit of 3599?
3
What is the units digit of 10592?
2
What is the tens digit of 56189?
8
What is the units digit of 1072?
2
What is the hundreds digit of 155?
1
What is the units digit of 4519?
9
What is the thousands digit of 1221?
1
What is the hundreds digit of 11331?
3
What is the hundreds digit of 1638?
6
What is the thousands digit of 3239?
3
What is the tens digi